me factors of z?
2, 859
Let p = -248 - -253. Suppose 5*f - 7420 = -p*j, 4*j = j - f + 4456. List the prime factors of j.
2, 743
What are the prime factors of 6229 + (4 - (-120)/(-21))/((-16)/56)?
5, 29, 43
Let f(h) = 2*h**3 - h**2 - h. Let m be f(3). Let w = m + -34. Suppose w*b - 539 = 85. What are the prime factors of b?
2, 3, 13
List the prime factors of (61365/(-10))/(12/(-80)) + 40/5.
2, 41, 499
Let d(b) = 76*b**2 + 4. Let q be d(3). Suppose -q = 3*g - 11*g. Let z = -33 + g. What are the prime factors of z?
53
Suppose -5*d - 4*r = -13, r - 12 = -4*d - 3*r. Let a be (30/12 - 0)*(d - -1). Suppose -4*w = -5*g - 189, 2*g + g = a*w - 220. List the prime factors of w.
41
Suppose 5*l - 33678 = -10813. What are the prime factors of l?
17, 269
Let t = 24 - 21. Suppose -n - 3*m = m - 18, 0 = t*m. Suppose 4*v - n = -4*w + 342, 5*w - 442 = -v. List the prime factors of w.
2, 11
Suppose 1408651 = 108*p - 717869. What are the prime factors of p?
2, 5, 11, 179
Let h = 8534 + -5392. Suppose 7*f + 839 = h. What are the prime factors of f?
7, 47
Suppose 2*s + 3*g + 1689 = 6*s, s = -4*g + 408. Suppose s = 2*b + 3*w - 440, 0 = -5*b - 2*w + 2139. List the prime factors of b.
7, 61
Let y = 72 + -68. Suppose g + 77 = 2*x, -y*x - 3*g = -0*g - 179. Suppose -4*k + 54 + x = b, -b + 97 = 2*k. List the prime factors of b.
3, 11
Let p = 175 - -7256. What are the prime factors of p?
3, 2477
Let s = 8647 - 5143. Suppose 12*n - 24*n = -s. List the prime factors of n.
2, 73
Suppose -4*k + 1211 + 15853 = -2*r, 4*r - 8 = 0. What are the prime factors of k?
17, 251
Let c be (881 + -2)*10/15. Suppose -24*y + c = -350. What are the prime factors of y?
3, 13
Let m = 6286 - 3280. Suppose -4*j - 5927 = -5*p, 5*p + 4*j - m = 2937. List the prime factors of p.
1187
Let n = 151578 + -84968. What are the prime factors of n?
2, 5, 6661
Let u be (90/(-8))/((-7)/(-28)). Let z(o) = 38*o**2 + 4*o - 1. Let a be z(-2). Let d = u + a. List the prime factors of d.
2, 7
Let r be 14/(-7)*-1 + (0 - -14). Suppose 20*a = r*a + 1244. List the prime factors of a.
311
Suppose -2*h - 3*h = -3*g + 898, 0 = 3*h + 3*g + 534. Let m = h - -68. Let x = -60 - m. What are the prime factors of x?
3, 17
Let v(z) be the first derivative of -z**3 - 5*z**2/2 - z + 28. Let y be v(-2). List the prime factors of 7/(98/231)*(-16)/y.
2, 11
Let k be (37926/(-8) + (-3)/12)/(-1). Suppose -9*d - 2*d + k = 0. What are the prime factors of d?
431
Let h = -238 + 241. Suppose h*m + 4*x = 3004, 1595 = 5*m - x - 3427. List the prime factors of m.
2, 251
Suppose -1482 = 5*a + 4*v - 7043, 0 = -5*a - 5*v + 5565. What are the prime factors of a?
1109
Let p = -5618 + 8705. List the prime factors of p.
3, 7
Let o = -215 - -221. What are the prime factors of (o/4)/(36/8184)?
11, 31
Let m(s) = s**3 + 10*s**2 - 24*s + 14. Let w be m(-12). Suppose 0*l = -3*l - 15, 2*l - w = 3*a. Let b = a + 35. What are the prime factors of b?
3
Let c be (-1012)/18 + ((-120)/(-54))/10. Let h = c + 222. Let o = h - -83. What are the prime factors of o?
3, 83
Let z = 57 - -754. Let i = 1488 - z. Suppose 5*j + i = 3*n + j, 2*n - 2*j - 450 = 0. What are the prime factors of n?
223
Let y(v) = 2*v**3 + 42*v**2 - v - 4. Let t be y(-21). Suppose -t*d = 2830 - 12843. What are the prime factors of d?
19, 31
Let h = -295 + 304. Suppose 4*o = -i + 2983, h*o - 4*i - 3734 = 4*o. What are the prime factors of o?
2, 373
Let m = -18576 - -56629. List the prime factors of m.
38053
Let x(i) = -i**3 - 18*i**2 - 84*i - 38. Let m be x(-10). Let u be (0 + 1)/(2/8). Suppose 3*y + 6 = 0, -m*v + 320 = -y + u*y. What are the prime factors of v?
163
What are the prime factors of 16/6*((-3998358)/(-104))/7?
2, 3, 2441
Let w(z) = 33*z**3 - 8*z + 2*z + 118 + 14*z**2 - 32*z**3 - 31. List the prime factors of w(-12).
3, 149
Let n(t) = t**3 - 80*t**2 - 376*t + 100. What are the prime factors of n(85)?
5, 853
Let h be 2 + 11 - 4 - 6. Suppose 3*f - 1689 = -4*b, -h*f - 2422 = -5*b - 331. List the prime factors of b.
2, 3, 5, 7
Let k(h) = 9*h + 12. Let u be (-10)/(-45)*1 + 596/(-9). Let y = u - -77. What are the prime factors of k(y)?
3, 37
Let d be 1/1*1*4. Suppose -2*f + 3*y = -1012, 0 = f - 6*f - d*y + 2484. What are the prime factors of f?
2, 5
Let x(w) = -w**3 - 6*w**2 + 6*w - 6. Let o be x(-7). Let c(a) = -5*a**3 + 2*a - 1. Let r be c(o). Let q(n) = 2*n + 19. List the prime factors of q(r).
11
Let d = -4451 - -10818. What are the prime factors of d?
6367
Suppose 46 - 10 = 6*g. Suppose -2*r = -g*r + 176. List the prime factors of 185/2*r/55.
2, 37
Suppose -7*t + 6 + 113 = 0. Suppose -t = -3*i + 28. What are the prime factors of i?
3, 5
Let f(j) = 2*j**2 - 2*j + 3. Let w be f(3). Suppose w*m - 36 = 17*m. Let n(t) = -t**3 - 15*t**2 + 40*t - 14. List the prime factors of n(m).
2, 7, 17
Let m(h) = -h**3 + 16*h**2 - 5*h - 20. Let z be ((2 + -5)*(-2 - 3))/1. Let k be m(z). Let u = k - 30. List the prime factors of u.
2, 5
Let p be (-539)/(-14)*16/28. List the prime factors of (((-378)/1)/(-1))/(p + -21).
2, 3, 7
Suppose -123 = 6*g + 297. What are the prime factors of 4*((-4275)/(-28) - 40/g)?
613
Let s(g) = 3*g**2 - 4*g - 9. Let i be s(-3). Suppose t - l - 8 - 2 = 0, i = t + 4*l. Suppose -68 = -2*o - 3*u, o + u = 18 + t. List the prime factors of o.
2, 7
What are the prime factors of (-161520)/(-48) + (1 + 0)*-8?
3, 373
Suppose 2717 - 7981 = 7*v. Let c = -96 - v. List the prime factors of c.
2, 41
Suppose 459 = -0*r + 3*r. Suppose -28 = 5*x - r. Suppose 5*t - x = 5. List the prime factors of t.
2, 3
Suppose 0 = -3*z + 4*j + 20533, -69*z - 6871 = -70*z - 2*j. What are the prime factors of z?
3, 5, 457
Let p(y) = -y**3 - 59*y**2 - 60*y - 92. Let u be p(-58). List the prime factors of 26600/u - (-5)/(-15).
2, 277
Suppose -4*z = p + 3*p - 84, 4*p - 3*z - 105 = 0. Let r = p - 4. What are the prime factors of 1790/r - (-6)/4?
7, 13
Suppose 34*k - 31*k = 4967 + 4369. What are the prime factors of k?
2, 389
Let d(b) = -b**3 + 4*b**2 + 2*b - 5. Let z be d(4). Suppose 4*m = 7*m + z*q - 114, 5*m + q - 194 = 0. Suppose m = 5*a - 811. What are the prime factors of a?
2, 5, 17
Let x(m) = -87*m**3 - 21*m**2 - 108*m - 5. What are the prime factors of x(-4)?
5659
Suppose -4*w + 2*w = -2*r, 0 = 5*w - 4*r + 2. List the prime factors of (-35)/w*128/40.
2, 7
Let g be (250/15)/5*36/(-30). What are the prime factors of (-1)/(4/9152*g)?
2, 11, 13
Suppose -12 = -3*g, 0 = -4*q - 15*g + 19*g + 2972. Suppose -2*f + q = 5*u, 3*f - 293 = 3*u + 817. List the prime factors of f.
7, 53
Suppose -384 = -10*g - 6*g. Suppose -250 - 158 = -g*z. List the prime factors of z.
17
Suppose -131*s - 3127352 = -206*s - 148*s. List the prime factors of s.
2, 1753
Let d = -359 - -353. List the prime factors of 384 + 4/(-12)*d + 0.
2, 193
Let y = 23659 - 15620. List the prime factors of y.
8039
Suppose 5*q + 2*x - 26232 = 0, 0 = 2*x - 94 + 102. What are the prime factors of q?
2, 41
Let p(z) = z**2 + 7*z + 6. Let m be p(-6). Suppose 0 = 7*j - 26 - 2. Suppose j + m = -2*t, -2*t = 3*n - 386. List the prime factors of n.
2, 5, 13
Let n be 48/168 + (-4)/14. Let a be 1 + (12 - 1) + (n - 2). Suppose 3*x + 182 = a*x. List the prime factors of x.
2, 13
Let g(m) = -m**3 + 60*m**2 + 87*m - 38. What are the prime factors of g(60)?
2, 2591
Suppose -9*y + 4*k + 59208 = -5*y, -k = 6*y - 88798. What are the prime factors of y?
2, 5, 37
Let w(z) = -6*z + 11. Let r be w(1). Suppose 2*o + 1451 = 3*n, -r*o + 1927 = 5*n - n. What are the prime factors of n?
3, 7, 23
Let k(f) = -f**3 - 15*f**2 - f + 1. Let z be (-12 - -15)/(2/(-10)). Let s be k(z). Let q = s - -72. List the prime factors of q.
2, 11
Let m(c) = 7857*c + 2832. List the prime factors of m(5).
3, 101, 139
Let a(s) = -7*s + 50. Let j be a(6). Let q(w) = w**3 - 5*w**2 - 16. Let v be q(j). Suppose -181*z = -v*z - 210. List the prime factors of z.
2, 3, 7
Let u(v) = -49*v**3 - 40*v**3 - 39*v**2 - 6 + 34*v**2. Let m(n) = 88*n**3 + 6*n**2 + 7. Let l(s) = -6*m(s) - 7*u(s). List the prime factors of l(1).
2, 47
Suppose 0 = 30*n - 428673 - 64527. What are the prime factors of n?
2, 3, 5, 137
Let t(l) = -3*l**3 + 8*l**2 - 4*l + 9. Let n be t(6). Let q = n + 635. What are the prime factors of q?
2, 5, 13
Suppose 11395487 = 178*u + 77*u + 611027. What are the prime factors of u?
2, 97, 109
Suppose -y = -2*